{"id":8201,"date":"2025-07-29T14:36:42","date_gmt":"2025-07-29T14:36:42","guid":{"rendered":"https:\/\/innar.es\/wp-content\/uploads\/2025\/07\/250702_Casa-Alondra_023_2048.jpg"},"modified":"2025-07-29T14:36:42","modified_gmt":"2025-07-29T14:36:42","slug":"250702_casa-alondra_023-2","status":"inherit","type":"attachment","link":"https:\/\/innar.es\/en\/250702_casa-alondra_023-2\/","title":{"rendered":"250702_Casa Alondra_023"},"author":30,"featured_media":0,"comment_status":"open","ping_status":"closed","template":"","meta":[],"class_list":["post-8201","attachment","type-attachment","status-inherit","hentry"],"aioseo_notices":[],"description":{"rendered":"<p class=\"attachment\"><a href='https:\/\/innar.es\/wp-content\/uploads\/2025\/07\/250702_Casa-Alondra_023_2048.jpg' data-lbwps-width=\"2048\" data-lbwps-height=\"1888\" data-lbwps-srcsmall=\"https:\/\/innar.es\/wp-content\/uploads\/2025\/07\/250702_Casa-Alondra_023_2048-200x184.jpg\"><img fetchpriority=\"high\" decoding=\"async\" width=\"300\" height=\"277\" src=\"https:\/\/innar.es\/wp-content\/uploads\/2025\/07\/250702_Casa-Alondra_023_2048-300x277.jpg\" class=\"attachment-medium size-medium\" alt=\"\" srcset=\"https:\/\/innar.es\/wp-content\/uploads\/2025\/07\/250702_Casa-Alondra_023_2048-200x184.jpg 200w, https:\/\/innar.es\/wp-content\/uploads\/2025\/07\/250702_Casa-Alondra_023_2048-300x277.jpg 300w, https:\/\/innar.es\/wp-content\/uploads\/2025\/07\/250702_Casa-Alondra_023_2048-400x369.jpg 400w, https:\/\/innar.es\/wp-content\/uploads\/2025\/07\/250702_Casa-Alondra_023_2048-600x553.jpg 600w, https:\/\/innar.es\/wp-content\/uploads\/2025\/07\/250702_Casa-Alondra_023_2048-800x738.jpg 800w, https:\/\/innar.es\/wp-content\/uploads\/2025\/07\/250702_Casa-Alondra_023_2048-1024x944.jpg 1024w, https:\/\/innar.es\/wp-content\/uploads\/2025\/07\/250702_Casa-Alondra_023_2048-1200x1106.jpg 1200w, https:\/\/innar.es\/wp-content\/uploads\/2025\/07\/250702_Casa-Alondra_023_2048-1536x1416.jpg 1536w\" sizes=\"(max-width: 300px) 100vw, 300px\" \/><\/a><\/p>\n"},"caption":{"rendered":"<p>Casa Alondra &#8211; Galaroza | InN Arquitectura | Manolo Espali\u00fa &#8211; Fotograf\u00eda de Arquitectura<\/p>\n"},"alt_text":"","media_type":"image","mime_type":"image\/jpeg","media_details":{"width":2048,"height":1888,"file":"2025\/07\/250702_Casa-Alondra_023_2048.jpg","filesize":1095335,"sizes":{"medium":{"file":"250702_Casa-Alondra_023_2048-300x277.jpg","width":300,"height":277,"filesize":134429,"mime_type":"image\/jpeg","source_url":"https:\/\/innar.es\/wp-content\/uploads\/2025\/07\/250702_Casa-Alondra_023_2048-300x277.jpg"},"large":{"file":"250702_Casa-Alondra_023_2048-1024x944.jpg","width":1024,"height":944,"filesize":1194584,"mime_type":"image\/jpeg","source_url":"https:\/\/innar.es\/wp-content\/uploads\/2025\/07\/250702_Casa-Alondra_023_2048-1024x944.jpg"},"thumbnail":{"file":"250702_Casa-Alondra_023_2048-290x290.jpg","width":290,"height":290,"filesize":136085,"mime_type":"image\/jpeg","source_url":"https:\/\/innar.es\/wp-content\/uploads\/2025\/07\/250702_Casa-Alondra_023_2048-290x290.jpg"},"1536x1536":{"file":"250702_Casa-Alondra_023_2048-1536x1416.jpg","width":1536,"height":1416,"filesize":2433980,"mime_type":"image\/jpeg","source_url":"https:\/\/innar.es\/wp-content\/uploads\/2025\/07\/250702_Casa-Alondra_023_2048-1536x1416.jpg"},"blog-large":{"file":"250702_Casa-Alondra_023_2048-669x272.jpg","width":669,"height":272,"filesize":239801,"mime_type":"image\/jpeg","source_url":"https:\/\/innar.es\/wp-content\/uploads\/2025\/07\/250702_Casa-Alondra_023_2048-669x272.jpg"},"blog-medium":{"file":"250702_Casa-Alondra_023_2048-320x202.jpg","width":320,"height":202,"filesize":102951,"mime_type":"image\/jpeg","source_url":"https:\/\/innar.es\/wp-content\/uploads\/2025\/07\/250702_Casa-Alondra_023_2048-320x202.jpg"},"recent-posts":{"file":"250702_Casa-Alondra_023_2048-700x441.jpg","width":700,"height":441,"filesize":417578,"mime_type":"image\/jpeg","source_url":"https:\/\/innar.es\/wp-content\/uploads\/2025\/07\/250702_Casa-Alondra_023_2048-700x441.jpg"},"recent-works-thumbnail":{"file":"250702_Casa-Alondra_023_2048-66x66.jpg","width":66,"height":66,"filesize":10014,"mime_type":"image\/jpeg","source_url":"https:\/\/innar.es\/wp-content\/uploads\/2025\/07\/250702_Casa-Alondra_023_2048-66x66.jpg"},"fusion-200":{"file":"250702_Casa-Alondra_023_2048-200x184.jpg","width":200,"height":184,"filesize":62662,"mime_type":"image\/jpeg","source_url":"https:\/\/innar.es\/wp-content\/uploads\/2025\/07\/250702_Casa-Alondra_023_2048-200x184.jpg"},"fusion-400":{"file":"250702_Casa-Alondra_023_2048-400x369.jpg","width":400,"height":369,"filesize":223917,"mime_type":"image\/jpeg","source_url":"https:\/\/innar.es\/wp-content\/uploads\/2025\/07\/250702_Casa-Alondra_023_2048-400x369.jpg"},"fusion-600":{"file":"250702_Casa-Alondra_023_2048-600x553.jpg","width":600,"height":553,"filesize":465809,"mime_type":"image\/jpeg","source_url":"https:\/\/innar.es\/wp-content\/uploads\/2025\/07\/250702_Casa-Alondra_023_2048-600x553.jpg"},"fusion-800":{"file":"250702_Casa-Alondra_023_2048-800x738.jpg","width":800,"height":738,"filesize":779249,"mime_type":"image\/jpeg","source_url":"https:\/\/innar.es\/wp-content\/uploads\/2025\/07\/250702_Casa-Alondra_023_2048-800x738.jpg"},"fusion-1200":{"file":"250702_Casa-Alondra_023_2048-1200x1106.jpg","width":1200,"height":1106,"filesize":1570684,"mime_type":"image\/jpeg","source_url":"https:\/\/innar.es\/wp-content\/uploads\/2025\/07\/250702_Casa-Alondra_023_2048-1200x1106.jpg"},"portfolio-full":{"file":"250702_Casa-Alondra_023_2048-940x400.jpg","width":940,"height":400,"filesize":457382,"mime_type":"image\/jpeg","source_url":"https:\/\/innar.es\/wp-content\/uploads\/2025\/07\/250702_Casa-Alondra_023_2048-940x400.jpg"},"portfolio-one":{"file":"250702_Casa-Alondra_023_2048-540x272.jpg","width":540,"height":272,"filesize":208679,"mime_type":"image\/jpeg","source_url":"https:\/\/innar.es\/wp-content\/uploads\/2025\/07\/250702_Casa-Alondra_023_2048-540x272.jpg"},"portfolio-two":{"file":"250702_Casa-Alondra_023_2048-460x295.jpg","width":460,"height":295,"filesize":200506,"mime_type":"image\/jpeg","source_url":"https:\/\/innar.es\/wp-content\/uploads\/2025\/07\/250702_Casa-Alondra_023_2048-460x295.jpg"},"portfolio-three":{"file":"250702_Casa-Alondra_023_2048-300x214.jpg","width":300,"height":214,"filesize":104971,"mime_type":"image\/jpeg","source_url":"https:\/\/innar.es\/wp-content\/uploads\/2025\/07\/250702_Casa-Alondra_023_2048-300x214.jpg"},"portfolio-five":{"file":"250702_Casa-Alondra_023_2048-177x142.jpg","width":177,"height":142,"filesize":45235,"mime_type":"image\/jpeg","source_url":"https:\/\/innar.es\/wp-content\/uploads\/2025\/07\/250702_Casa-Alondra_023_2048-177x142.jpg"},"woocommerce_thumbnail":{"file":"250702_Casa-Alondra_023_2048-400x369.jpg","width":400,"height":369,"filesize":223917,"mime_type":"image\/jpeg","source_url":"https:\/\/innar.es\/wp-content\/uploads\/2025\/07\/250702_Casa-Alondra_023_2048-400x369.jpg"},"woocommerce_gallery_thumbnail":{"file":"250702_Casa-Alondra_023_2048-218x218.jpg","width":218,"height":218,"filesize":81134,"mime_type":"image\/jpeg","source_url":"https:\/\/innar.es\/wp-content\/uploads\/2025\/07\/250702_Casa-Alondra_023_2048-218x218.jpg"},"full":{"file":"250702_Casa-Alondra_023_2048.jpg","width":2048,"height":1888,"mime_type":"image\/jpeg","source_url":"https:\/\/innar.es\/wp-content\/uploads\/2025\/07\/250702_Casa-Alondra_023_2048.jpg"}},"image_meta":{"aperture":"11","credit":"\u00a9 Manolo Espali\u00fa  |  Fotograf","camera":"ILCE-7RM3","caption":"Casa Alondra - Galaroza | InN Arquitectura | Manolo Espali\u00fa - Fotograf\u00eda de Arquitectura","created_timestamp":"1751484675","copyright":"\u00a9 Manolo Espali\u00fa  |  Fotograf\u00eda de Arquitectura","focal_length":"24","iso":"400","shutter_speed":"0.02","title":"250702_Casa Alondra_023","orientation":"0","keywords":["Manolo Espaliu","espaliu"]}},"post":null,"source_url":"https:\/\/innar.es\/wp-content\/uploads\/2025\/07\/250702_Casa-Alondra_023_2048.jpg","_links":{"self":[{"href":"https:\/\/innar.es\/en\/wp-json\/wp\/v2\/media\/8201","targetHints":{"allow":["GET"]}}],"collection":[{"href":"https:\/\/innar.es\/en\/wp-json\/wp\/v2\/media"}],"about":[{"href":"https:\/\/innar.es\/en\/wp-json\/wp\/v2\/types\/attachment"}],"author":[{"embeddable":true,"href":"https:\/\/innar.es\/en\/wp-json\/wp\/v2\/users\/30"}],"replies":[{"embeddable":true,"href":"https:\/\/innar.es\/en\/wp-json\/wp\/v2\/comments?post=8201"}]}}

<p>Casa Alondra &#8211; Galaroza | InN Arquitectura | Manolo Espaliú &#8211; Fotografía de Arquitectura</p>

© Manolo Espaliú  |  Fotograf

Casa Alondra - Galaroza | InN Arquitectura | Manolo Espaliú - Fotografía de Arquitectura

© Manolo Espaliú  |  Fotografía de Arquitectura
